= -98*p**3 - 2*p**2 + p + 2. What is the remainder when k(o) is divided by 49?
48
Suppose -5*k - j - 4*j - 370 = 0, -5*k = -5*j + 420. Let g = -54 - k. What is the remainder when 149 is divided by g?
24
Let k = -4 - -16. Let g(r) = 11*r**3 + 2*r**2 - r - 2. Let y be g(-1). Let t = 14 + y. What is the remainder when k is divided by t?
0
Let u(i) = -19*i**3 + 3*i + 3. What is the remainder when u(-2) is divided by 25?
24
Suppose -4*k + 82 = 5*x, -20 = x - 2*x + k. Let f = 112 - x. Calculate the remainder when f is divided by 49.
45
Suppose -n + 0*n - 5 = -3*j, 0 = 5*j + 5*n + 25. Suppose s - 10 + 1 = j. What is the remainder when s is divided by 4?
1
Let t(w) = -19 + 8 + 4*w**2 + w**3 + 3*w**2 - 2*w. Let g = -11 - -24. What is the remainder when t(-5) is divided by g?
10
Suppose -237 = -2*r + 109. Suppose -3*x + 36 + 36 = -3*w, 3*w - 15 = 0. What is the remainder when r is divided by x?
28
Calculate the remainder when 61 is divided by (6 - -3)*3 + (-15)/5.
13
Let m(l) = -26*l - 90. Calculate the remainder when 25 is divided by m(-4).
11
Let w = -1231 + 1299. Calculate the remainder when w is divided by 34.
0
Suppose 0 = -3*f - 5*p + 44, 8*f - 3*p - 49 = 4*f. Calculate the remainder when (130/260)/(1/42) is divided by f.
8
Suppose -v - 3*m + 15 = 2, -v - 2*m = -9. What is the remainder when (v - (-3 + (-3 - -21)))/(-2) is divided by 2?
1
Suppose 0 = -r - l + 13, 5*r - 2*l + 4 = 48. What is the remainder when 121 is divided by r?
1
Suppose 0 = 5*s - 7*s - 816. Calculate the remainder when (-10)/(-25) + s/(-5) is divided by 17.
14
Calculate the remainder when 22/(15/(2025/6)) is divided by 71.
69
Suppose -8*w - 3933 = -65*w. Calculate the remainder when w is divided by 32.
5
Let q(c) = -2*c**3 - 2*c**2 + c + 6. Let i be q(-3). Suppose 4*k - 6*k + 14 = 0. Suppose -k*h + 4*h + i = 0. What is the remainder when h is divided by 8?
5
Suppose b = -19*b + 2500. What is the remainder when b is divided by 11?
4
Let f(y) = y + 48. Let n be f(-14). Suppose 2*x - 132 = -n. Calculate the remainder when x is divided by -1 + (14 - (0 + 0)).
10
Suppose 0*a + 18 = o - 3*a, 5*o + 3*a = 72. Suppose -8 = -4*n + 3*q, -2*n = -n - q - 3. Calculate the remainder when o is divided by (11 + -10)*(-6)/n.
3
Let x = 71 - 61. What is the remainder when 98 is divided by x?
8
Suppose -s - 2*s = 5*d - 158, -5*d - 148 = -3*s. What is the remainder when 146 is divided by s?
44
Let f = 39 + -17. Let z = f - 10. Suppose 3*o - 81 = -3*p, -4*o + o - 34 = -2*p. What is the remainder when p is divided by z?
11
Suppose 45*f - 49*f + 24 = 0. What is the remainder when -3 - (72/(-3) - -2) is divided by f?
1
Suppose 42*a = 91 + 245. What is the remainder when 67 is divided by a?
3
Suppose 0 = u - 6*u + 20. Suppose 3*b = -u*z + 8 + 34, 4*b + 4*z = 52. What is the remainder when 1536/84 + 22/(-77) is divided by b?
8
Suppose 4*f - 86 = 5*p, 5*f - 110 = -p + 12. Let q(u) = 3*u**2 - 120*u + 643. What is the remainder when q(5) is divided by f?
22
Suppose -z - 42 = -3*z - 5*k, 0 = -2*k. What is the remainder when 435 is divided by z?
15
Let q = 269 - 244. What is the remainder when 147 is divided by q?
22
Let r(c) = -34*c**3 + 2*c**2 + 2*c + 1. Let a = 19 - 7. Calculate the remainder when r(-1) is divided by 48/(-14)*(-42)/a.
11
Let o be (6 - (-114)/(-4))*(-32)/(-10). Let m = -15 - o. Calculate the remainder when m is divided by 31.
26
Suppose 3*d + 5*d = 472. Let f = d - 17. Calculate the remainder when f is divided by 4.
2
Suppose 0 = 53*j - 58*j + 1295. Let r = -96 + j. Calculate the remainder when r is divided by 42.
37
Let w(o) = 35*o**2 - 84*o - 11. What is the remainder when w(8) is divided by 120?
117
Suppose -34*y = -47*y + 7007. What is the remainder when y is divided by 108?
107
Suppose 2*h - f - 5 = -2*f, 1 = -h - 4*f. Suppose 4*m = -12 - 0, 0 = 2*p - h*m - 269. What is the remainder when 15 is divided by 2/6 - p/(-15)?
6
Let o(a) = -2 - 4 + 3 + 3*a + 13*a**2 + 2*a**2. Calculate the remainder when o(3) is divided by 29.
25
Suppose -499*b + 19346 = -482*b. Calculate the remainder when b is divided by 17.
16
Suppose k = -4*u + 5*u + 5, 4*k - 11 = u. Let b = 3 + -2. Suppose 0 = 3*y - 2 - b. Calculate the remainder when k is divided by y.
0
Let i be ((-2)/(-4))/(4*(-7)/(-1624)). Suppose 31 - 9 = -2*s. Let a = s + i. Calculate the remainder when a is divided by 7.
4
Let k = -3 + 0. Let i = k + 10. Calculate the remainder when 25 is divided by i.
4
Let s = 386 - 104. Calculate the remainder when s is divided by 87.
21
What is the remainder when 688 is divided by (16/(-40))/(6/(-345))?
21
Suppose -w = -6 + 11. Let m = 20 - 6. Let p = m + w. Calculate the remainder when 16 is divided by p.
7
Let a be 16/(-72) - ((-1460)/18)/5. Suppose -79*n = -78*n - a. Calculate the remainder when 56 is divided by n.
8
Let o be 1/(395/(-100) + 4). What is the remainder when 54 + 2/(-1) + 2 is divided by 106/6 - o/(-15)?
16
Let l be 1 + (-2)/(-6)*6. Suppose -2*a - 56 = -l*p, -2*p + 5*a = p - 59. Suppose v + 3 - p = 0. Calculate the remainder when v is divided by 4.
3
Let c(q) = 37*q + 2 - 3 - 45*q + q**2. Let s be c(7). What is the remainder when 19 is divided by (42/(-9))/(s/12)?
5
Let s = 1 + 21. Suppose s = 2*k - 5*o, 0 = -2*k + 4*o + 35 - 11. Calculate the remainder when k is divided by 10.
6
Let i = -59 + 61. Suppose i*f - 4*p - 24 = 10, -f + 1 = 2*p. What is the remainder when 34 is divided by f?
7
Let s(x) be the first derivative of 134*x - 5 - 1/2*x**2. Calculate the remainder when s(0) is divided by 34.
32
Suppose -4*x + 5*j - 22 = 0, -5*j - 3 = 2*x + 23. Calculate the remainder when 15 is divided by x/(-5)*(-15)/(-6).
3
Let h be (24/20)/((-9)/(-30)). Let p be (-6)/h*40/(-15). Suppose f - 147 = -5*o, 2*f + p = 3*o - 79. What is the remainder when o is divided by 16?
13
Suppose 0*q + 3*q = 3*h + 9, 0 = 5*h + q + 15. Let k = 16 - h. Suppose -295 = 15*s - 1135. What is the remainder when s is divided by k?
18
Let q be (-1)/(((-3)/3)/1) + 1. Let u(a) = -a**2 - a + 12. Calculate the remainder when (-662)/(-14) + 1/((-7)/q) is divided by u(0).
11
Suppose 48 + 17 = 5*l + 4*z, l = -5*z + 34. What is the remainder when 87 is divided by l?
6
Let k(b) = -b**3 - 6*b**2 + 2*b - 1. What is the remainder when k(-7) is divided by 20?
14
Suppose 0 = d + 2*v + 3, 5*v + 0*v = -d - 15. Suppose 0*k - 1 = -z + k, 2*k = -5*z + 40. Calculate the remainder when z is divided by d.
1
Let y(t) = 6*t**3 + t**2 + 11*t - 17. What is the remainder when 139 is divided by y(2)?
25
Let l be (-6)/27 + -2 + 1090/45. Let y = -8 + 11. Calculate the remainder when ((-8)/(-5))/(l/165) is divided by y.
0
Let p = 635 + -94. Calculate the remainder when p is divided by 14.
9
Let d = -51 + 114. Suppose -3*s + 5*y - 121 = 0, s + 5*y + 12 + 55 = 0. Let x = 64 + s. Calculate the remainder when d is divided by x.
12
Suppose -c - 172 = 5*z - 2*c, -5*c = -3*z - 112. Let m = 52 + z. What is the remainder when 89 is divided by m?
17
Let d(z) = 3*z - 78. Let g(a) = -1. Let y(x) = -d(x) + 15*g(x). Let k(t) = t**3 - 3*t**2 - t - 2. Calculate the remainder when y(9) is divided by k(4).
6
Let h be (28/(-6)*(2 + 1))/2. Let r(g) = -2*g - 31. Let d(l) = l + 21. Let b(w) = 7*d(w) + 5*r(w). Calculate the remainder when b(h) is divided by 5.
3
Let z = -184 - -275. What is the remainder when z is divided by 32?
27
Let j(d) = -d**3 - 5*d**2 + 10. Let b be j(-5). Suppose 0 = -5*o + 20 + b. What is the remainder when o is divided by (2/6)/(2/12)?
0
Let l = -185 + 198. Let z(y) = y**3 - 3*y**2 - 2*y + 3. What is the remainder when z(5) is divided by l?
4
Suppose w = -3*k - 16, 3*k + 5*w = k - 2. Let r = -14 + k. Let v = r + 29. What is the remainder when 26 is divided by v?
8
Let j(a) = -a**3 + 8*a**2 - 3*a - 9. Let b be j(7). Let s = b - -12. What is the remainder when s is divided by 8?
7
Let s be (-1 - -1)*(-2)/(-2). Suppose s*y = y - 76. Let q = 13263 - 13224. What is the remainder when y is divided by q?
37
Let h = 511 + -477. What is the remainder when 235 is divided by h?
31
Let v(a) = -a**3 + 5*a**2 - 2*a + 4. Let j = 7 + -3. Let z(k) = k**3 + 7*k**2 - 15*k - 9. What is the remainder when z(-8) is divided by v(j)?
11
Let f = -281 + 338. Calculate the remainder when f is divided by 20.
17
Let l = -499 + 628. Calculate the remainder when l is divided by 19.
1